culate i(-7).
-24
Let n be (-12)/156 + (-53)/(-13). Let i(d) = -d**2 + 17*d - 52. Give i(n).
0
Let f be (-1)/5*-2*45. Suppose -10*k = -f*k - 56. Let b(m) = -10*m - 8 - m**3 - 2*m**2 + 0*m**3 - 6*m**2. Give b(k).
13
Let r(h) = -29*h**3 + 10*h**2 - 5. Let w(d) = -39*d**3 + 11*d**2 + d - 5. Let i(t) = -4*r(t) + 3*w(t). Determine i(-5).
-60
Suppose -4*q = -4*f + q - 9, 0 = 3*f - 2*q + 5. Let k be 2/(-9) + 382/18 + f. Let a(r) = 5 + 6*r - 6*r**2 + k*r**3 - 34*r**3 + 13*r**3. Determine a(-7).
12
Let z(f) = 248 - 18*f - 119 - 121 - 21*f. Determine z(1).
-31
Let b(t) = 8*t**3 - 71*t**2 - 69*t - 75. Let j(c) = 2*c**3 - 18*c**2 - 18*c - 19. Let i(q) = -3*b(q) + 11*j(q). Calculate i(8).
24
Let b(o) = o**2 - 9*o + 2. Let u(i) = 201*i - 8652. Let j be u(43). Give b(j).
164
Let q(a) = -2*a**2 - 5*a + 1. Let s(y) = 2*y**2 + 4*y - 1. Let p(f) = 3*q(f) + 4*s(f). Suppose -18*w - 61 = -25. Give p(w).
5
Let q(j) = 9 + 80 + 12*j - 6*j + 6*j. Determine q(-11).
-43
Let v(f) = -f + 38. Let n be v(34). Let d(k) = k**2 + k. What is d(n)?
20
Suppose -20 = -9*v + 25. Suppose 9 + 11 = -5*f + v*z, -5*f = -4*z + 21. Let s(q) = -q**3 - 6*q**2 + 7. Calculate s(f).
-18
Let h(j) = j**3 + 23*j**2 + 3*j + 65. Suppose -283*f - 91 = 5*p - 287*f, -2*p - 2*f = 58. Calculate h(p).
-4
Let q(p) = -p**2 + 14*p - 25. Let v be q(6). Suppose 4*r - v = -l, -l + 5*l - 64 = -2*r. Suppose -a = -4*a - l. Let t(x) = x**2 + 5*x - 7. Calculate t(a).
-7
Suppose 4*n - 3*h = 10, 0 = -4*n + 5*h + 2 + 4. Let q(i) = -16 - 5 + 13 - 11*i + 32. Let t(k) = -k + 3. Let r(w) = q(w) - 6*t(w). Determine r(n).
-14
Let l be 6 + -2 - ((4 - -6) + -7). Let v(y) = -2*y + 7*y + 3*y - 3 + 5. Give v(l).
10
Let q(z) = 2*z - 1. Let k be ((-3)/(-1))/((-24)/(-32)). Suppose 6*m + 10 = 2*p + m, 4*p - k*m + 4 = 0. Determine q(p).
-11
Let g = -52 - -51. Let p = 30 - g. Let j(v) = -v**2 - 10*v - 31 - p + 51. Calculate j(-8).
5
Let s(o) = -2*o + 13. Let y be ((-1 - 11)/(-6))/(6/9). Suppose -12 = -y*x + 18. Give s(x).
-7
Let u(y) = -9*y - 1. Suppose 4*j + 15*j + 19 = 0. Let k(h) = 2 + 1 - h - 2. Let v(o) = j*u(o) + 5*k(o). Determine v(-4).
-10
Let g(h) = 13*h**3 - 17*h**2 + 31*h + 54. Let t(v) = -43*v**3 + 52*v**2 - 94*v - 161. Let x(m) = -10*g(m) - 3*t(m). Calculate x(11).
-2
Let n(p) = -5332 - 5335 + 16000 - 5335 + 10*p. Determine n(3).
28
Let j(m) be the third derivative of 5 + 0*m - 1/60*m**5 + 2/3*m**3 + 5/12*m**4 - 6*m**2. Give j(10).
4
Let h(d) = -17*d**3 - 4*d**2 + 153*d + 5. Let s(u) = -27*u**3 - 6*u**2 + 229*u + 6. Let p(o) = -8*h(o) + 5*s(o). What is p(8)?
-2
Let x(f) = -8*f + 71. Let h = 11348 - 11340. Calculate x(h).
7
Suppose -303 = 4*t - 105*t. Let z(a) = -a**2 + 14*a - 27. What is z(t)?
6
Let m(r) = -r**3 + 17*r**2 + 7*r - 70. Suppose -3604 = 561*i - 773*i. Give m(i).
49
Let t(p) = -p - 20. Let r(s) = -56*s + 155. Let j be r(-9). Let m = j + -659. Calculate t(m).
-20
Let y(c) = -c**3 + 23*c**2 + 51*c - 31. Let x(i) = 15*i + 610. Let k be x(-39). Give y(k).
-6
Let y(n) = 55 + 78 - 8*n - 146 + 52. Give y(13).
-65
Let k = -176 - -204. Suppose 4*i - 4*x + k = 0, i + 39 = -4*i + x. Let c(v) = 2*v + 15. Calculate c(i).
-1
Let u be 5 - (7 - 0 - 26). Suppose 0 = 3*w - 6*v + 4*v - 15, 3*w + v = u. Let k(s) = -s**2 + 6*s + 4. Calculate k(w).
-3
Let g(n) = -7*n - 1. Let p = -758 - -765. Suppose p = 33*h - 59. Calculate g(h).
-15
Let u(o) = -o - 2. Let c(d) = -10*d - 4. Let h be c(2). Let q = 10 - h. Suppose -4*w + 11 = -w - 4*i, 5*i = -3*w - q. Give u(w).
1
Let f(d) be the first derivative of d**2 + 3*d + 5300. Suppose 2*u - 2*v - 12 = -5*v, -5*u = 5*v - 25. Calculate f(u).
9
Let i(u) = u + 1. Let r(c) = -5*c + 15. Let m(q) = -2*q + 5. Let k(j) = 17*m(j) - 6*r(j). Let v(w) = 3*i(w) + k(w). Suppose 8*f - 16 = -14 - 50. Calculate v(f).
4
Let t(l) be the first derivative of -34 + 0*l - 1/24*l**4 - 12*l**2 - 1/2*l**3. Let o(i) be the second derivative of t(i). Calculate o(5).
-8
Let j(v) = 2*v**2 + 9*v + 21. Let b = 17991 + -17994. Determine j(b).
12
Let s(d) = -4 + 3 - 2*d**2 - 3*d + d**3 + 3*d**2 + d**2. Let t be s(3). Let z = 34 - t. Let k(l) = 2*l - 1. Determine k(z).
-3
Suppose 2*g + 51 = 5*n, 0 = -4*g + 12 - 24. Suppose 13*o = n + 43. Let a(u) be the third derivative of -u**5/60 + 7*u**4/24 + 5*u**3/6 + u**2. Calculate a(o).
17
Let n(s) = 9 - 2*s + s - 8 + 9. Let m(k) = k**3 + k**2 - 75*k - 19. Let r be m(-9). Give n(r).
2
Suppose -3*f + 2*p - 14 = 0, 2*f - f = 3*p - 14. Let j(a) = 3*a**2 + 50*a + 26. Let r(n) = -5*n**2 - 91*n - 48. Let z(h) = -11*j(h) - 6*r(h). What is z(f)?
-2
Let r(x) = -2*x + 10. Let s be ((-95)/57)/(1/(-18)). Suppose 2*l + 5*t - s = -22, -t = -4*l + 38. What is r(l)?
-8
Suppose 5*t - 3*f + 0*f = -534, 5*f - 120 = t. Let n = -155 - t. Let y = n + 51. Let p(k) = 3*k**3 - k. What is p(y)?
2
Suppose 5*m - 2 = 18. Suppose 4*j = -4*z + 20, 15 = -m*j + j + 3*z. Let b(h) = -11*h**2 + 52. Let v(o) = 20*o**2 - 95. Let w(s) = -11*b(s) - 6*v(s). Give w(j).
-2
Let v(w) = -376*w - 361*w + 757*w + 3*w**2 - 5*w**2 - 28. Give v(12).
-76
Let i(l) = 8*l - 2*l**2 - 5*l**3 + 0 - 12*l**3 - 2 - 9*l - l. Determine i(-1).
15
Suppose 0 = -4*t - 1655*y + 1656*y + 21, -y + 14 = 3*t. Let h(f) = -30*f + 140. Determine h(t).
-10
Let u be 35 + 2 - (-37 + 49). Let r(l) = l**2 - 28*l + 66. What is r(u)?
-9
Let q be 7 + (8 + 43 - 0). Let z(x) = -73*x + 111*x - 1 - q*x. Determine z(-1).
19
Let n(z) = z**2 + 36*z + 36. Suppose 2*q = 4*u - 82, 0 = -q - 4*u + 157 - 180. Give n(q).
1
Let x(s) = -2 - 92*s - 64*s - s**2 + 219*s - 67*s + 13*s**3 + 7*s**3. Determine x(-1).
-19
Suppose 8 = 17*d - 18*d. Let y be -5*d/20 + (5 - 5). Let v be (y + 0)/((-28)/8 - -3). Let h(t) = -t**2 - 5*t - 6. Give h(v).
-2
Let b(v) = 3*v - 5. Let z(a) = 7*a - 9. Let d(t) = -9*b(t) + 4*z(t). Let c(m) = m**3 - 19*m**2 + 44*m + 55. Let j be c(16). What is d(j)?
0
Let g(w) be the second derivative of -2*w - 20 + 5*w**2 + 1/6*w**3. Suppose -3*z = -0*z - 15, 3*y + 15 = 3*z. Determine g(y).
10
Let c(s) = s**2 - 8*s - 23. Let i be (8 - 9)/(45/(-50))*9. Calculate c(i).
-3
Let b be (1/3)/(1/15). Suppose -8 - 12 = -b*u. Let y(h) be the first derivative of -h**4/4 + 4*h**3/3 - h**2 + 4*h - 17215. Give y(u).
-4
Suppose 0 = -2*n + 5*l + 10, -4*n - 32 = l + 2*l. Let y be n/((-30)/(-8))*3. Let c(b) = 2935*b + 10 - 4 + b**2 - 2930*b. Determine c(y).
2
Let p(g) = -13*g + 13. Let t be p(-3). Let d = t - 42. Let q(l) = d - 6*l + 5*l - 9 + 0*l. Give q(1).
0
Let s(i) = -3*i**3 + 3*i**2 - 1. Let v(u) = 9*u - 33. Let c be v(5). Let o be ((1/4)/(-1))/(c/(-48)). Calculate s(o).
-1
Let m(g) = 64963*g**3 - 93*g + 64966*g**3 - 129930*g**3 + 26*g**2 + 1. Determine m(4).
-19
Let a(j) be the third derivative of -j**6/120 + 2*j**5/15 - 3*j**4/8 - 2*j**3/3 - 1690*j**2. What is a(7)?
-18
Suppose -268 = -357*h + 290*h. Let u(q) = q**3 - 3*q**2 + 3*q + 2. What is u(h)?
30
Let v(f) = 21*f - 10 + 3636*f**2 - 11 - 3639*f**2. Determine v(6).
-3
Let b(k) be the third derivative of -k**5/60 - 19*k**4/24 - 71*k**3/6 + 47*k**2 - 19. What is b(-6)?
7
Let h(s) = 6*s + 28. Suppose 180*p - 97*p = 94*p + 66. Calculate h(p).
-8
Let v be ((-4)/12)/((-2)/36). Let u(w) = -w**2 + 7*w - 14. Let l be u(v). Let i(j) = j**2 + 10*j + 12. Give i(l).
-4
Let x(o) = -2*o**3 - 3*o**2 + 10*o + 10. Suppose -4*i - z = -3*i + 4, 12 = -3*i + z. Determine x(i).
50
Let m be (-15)/2*4/(-6). Let o(c) = 4*c**2 - 8*c - 8. Let u(y) = 10*y + 42*y + 15 - 35*y - 7*y**2. Let a(b) = m*o(b) + 3*u(b). Determine a(11).
5
Let t(y) be the first derivative of -y**6/360 + y**5/12 - 5*y**4/4 + y**3 + 15*y + 195. Let m(l) be the third derivative of t(l). Calculate m(6).
-6
Let l(f) = 4 + 5 - 21 + 4 + 3*f. Let n be (5 - -10)/(-3 - -6). What is l(n)?
7
Let i(m) be the first derivative of -5*m - 5*m**2 + 1 + 1/4*m**4 + 3*m**3. Calculate i(-10).
-5
Let w(h) be the second derivative of -h**4/6 - 10*h**3/3 + 25*h**2 - 1314*h - 1. What is w(-12)?
2
Let q(c) = 4*c**2 + 14*c - 9. Let x(u) = -3*u**2 - 13*u + 8. Let d(s) = -4*q(s) - 5*x(s). Let k(w) = 6*w**3 + 2*w**2 + w. Let r be k(1). Determine d(r).
-4
Let b(l) = -l - 2. Let f be (32/6)/(4/6). Let w = f + -5. Suppose 15 = w*s + s - y, -y = 2*s - 9. Give b(s).
-6
Let g(a) = -a**3 + 6*a**2 + 2*a - 1. Suppose 162 = 35*j - 29*j. Let p = j + -21. Calculate g(p).
11
Let r be (-4 - (-1 + 1)) + ((-252)/21 - -7). Let 